 0).
2
What is the value of -7 + 16 - -3 - 8?
4
What is the value of 3 + -6 + (-4 - (3 + -6))?
-4
What is -1 + (-1 - -5) + 0 + -8?
-5
Calculate 5 - (1 + 5 + 3).
-4
What is 3 - (6 - 0 - 3)?
0
What is the value of (2 - (-5 - -4)) + (1 - -1)?
5
Calculate -1 + -2 - 2 - (-6 - -5).
-4
6 + (-9 - (-1 + -2))
0
What is the value of 3 + -3 - -3 - 5?
-2
Evaluate (-3 - 2) + -4 + 9.
0
Calculate -4 + 2 + (2 - 2 - -2).
0
What is the value of (-6 - 2 - 0) + 8?
0
(-1 - -4) + (2 - 10)
-5
Calculate (0 + 6 - 7) + (1 - 6).
-6
Calculate 10 + (6 - 13) + 1.
4
What is the value of -2 - (0 + 1) - (15 - 16)?
-2
Calculate (-1 - 1) + 27 + -27.
-2
Evaluate (-2 - (-2 + 3 - 0)) + 3.
0
What is (7 - 3) + (4 + -7 - -4)?
5
What is 4 + -7 + 2 + (-5 - -2)?
-4
Evaluate -19 + 28 - (6 - -4).
-1
What is the value of ((-10 - -5) + -3 - -5) + 2?
-1
Evaluate -3 + 10 + 4 - 4.
7
Evaluate -10 + 1 + (27 - 24) - 0.
-6
What is the value of 2 - 2 - (-11 + 8)?
3
What is the value of (14 - 8) + 0 + -12?
-6
Calculate -2 - (-12 - (1 - 6)).
5
Calculate 1 - (2 + -1) - (-10 - -9).
1
What is -1 + (-18 + 10 - -3)?
-6
-2 - -7 - (2 - (-2 - -1))
2
Calculate -12 + 7 - (-5 + -7 + -1).
8
Evaluate -2 - 0 - ((0 - -2) + -5).
1
Evaluate -5 + -1 + 4 + 3 + -2.
-1
What is the value of (2 + -4 + 6 - 3) + -8?
-7
5 + -9 + (5 - 2)
-1
What is 4 - (5 - 4) - (-1 - 1)?
5
Evaluate -3 + (4 - (3 + 1) - 2).
-5
What is 7 + (-3 + -4 - 4) + 0?
-4
Calculate -9 + (-2 - -6) - (2 - 4).
-3
What is -9 - -7 - (-1 + 1 + 0)?
-2
-20 + (11 - 5) - -5 - 0
-9
What is the value of -8 + (2 + 15 - 5)?
4
What is -3 - (1 + -6 + -1)?
3
What is the value of -16 + 7 - 10 - -10?
-9
Evaluate -5 + 5 + -1 + (-2 - 1).
-4
3 + -2 + 4 + (-2 - 5)
-2
What is the value of -12 + 10 + -2 - -6?
2
Calculate (12 - 9) + -2 + -1 - -5.
5
What is 5 - (20 - (9 - -5))?
-1
-5 - (-21 + (19 - 8))
5
Calculate -1 + 5 + -7 + 7.
4
-7 + -3 + 1 + 3
-6
What is the value of -5 - -24 - (2 - -9)?
8
What is -4 + 10 + -7 - (0 - 1)?
0
What is the value of (-7 - -4) + 4 + (-7 - -9)?
3
What is the value of -9 + (3 - (-1 + -2))?
-3
Calculate -2 - -1 - (7 + 0) - -4.
-4
Calculate -7 - (5 + -9 - 1).
-2
Evaluate 5 + 0 - -1 - 2.
4
Calculate -4 - (9 - 1 - 13).
1
Evaluate -10 - -9 - (-3 - 4 - -3).
3
Calculate -4 - (1 + (-7 - -4)).
-2
What is the value of -7 + (10 + -7 - 3) + 11?
4
Calculate (-1 - (9 - 5)) + 9 + -1.
3
What is the value of 0 + -2 + 0 - -7?
5
Evaluate 3 - (1 + 2) - (5 + 0).
-5
Evaluate -9 + 16 + -3 + -5.
-1
What is 4 + -2 + 1 + -5?
-2
Calculate 5 - (1 + 6) - 4.
-6
Evaluate 4 - (4 + -3 + 2).
1
What is the value of -6 + -2 - (-12 + 7 - 7)?
4
What is 0 - (-1 + 3 + -2)?
0
Evaluate -4 + 2 + (-4 - -4) + 2.
0
What is the value of -3 + 0 + (-5 - -10) + 0?
2
Calculate (-2 - 9) + -2 - -9.
-4
Calculate 1 - (3 - (4 - (4 - -2))).
-4
Calculate 2 + (-1 - 3) + (9 - 4).
3
Calculate (7 - 23) + (-7 - -17).
-6
What is (-3 - -1) + 5 + -5?
-2
(0 - -1) + (5 - 0) + -7
-1
What is the value of 2 - (4 + 0 + -3 + 3)?
-2
Calculate 5 + 0 + -3 + -3 - -4.
3
8 + (-12 - (6 - 11))
1
-11 + 20 + (9 - 3) + -10
5
Evaluate 4 + 9 + -16 + (1 - -6).
4
What is the value of 12 + (2 - (5 + 4))?
5
What is (0 - -3) + (148 - 154)?
-3
Calculate 11 + (-13 - (10 - 19)).
7
Calculate (16 - 3 - (-4 - -10)) + 0.
7
Calculate 2 - (-6 + 2 + 8 - 5).
3
What is -4 - (-12 - -11 - (0 + 2))?
-1
Evaluate -3 + (2 + -7 - (1 - 11)).
2
(-2 - -5) + (-11 - -14)
6
What is the value of (0 + -2 - -4) + (1 - -1)?
4
3 + 0 - (9 - 5)
-1
What is the value of 3 - ((-4 - -1) + 7)?
-1
Evaluate 3 + -1 - (-19 + 29 + -8).
0
What is -3 + 1 + 3 - 0?
1
What is the value of 101 + -106 - (0 + -11 + -1)?
7
Calculate -2 + (3 - (-1 - -2)).
0
What is the value of 11 - (-1 + -3) - 7?
8
Evaluate -3 + (-2 + 2 - 1).
-4
Evaluate 2 + -3 - -2 - 4.
-3
What is (-6 - -3) + -1 + 1?
-3
What is 2 + -2 + -2 + 5 - -3?
6
Calculate 12 + -8 + (12 - 24).
-8
Evaluate (-13 + 7 - 8) + 7.
-7
What is 5 - (21 - 17 - (-1 - 6))?
-6
(1 - 3) + (7 - -6) + -8
3
Calculate (0 - (-3 - 0)) + -3.
0
What is the value of -15 + 5 - 8 - -11?
-7
Evaluate (-2 - -8) + -8 + -2 + 0.
-4
Evaluate -4 + 2 + -3 + 0.
-5
Calculate -1 + (-10 - -8) - -2.
-1
(-3 - (3 + -9 + 3)) + 1
1
1 - 1 - ((-8 - -8) + 10)
-10
Calculate (-10 + 2 - 6) + 5.
-9
What is 10 + -11 - (2 - -4)?
-7
What is the value of -2 - -5 - (1 + -2 + 1)?
3
Evaluate 5 + 1 + -3 + 0.
3
Evaluate -2 - (-13 + -2 + 9).
4
Evaluate 2 + 4 + (-7 - (4 + -8)).
3
Calculate 21 - 19 - (1 + 2) - 6.
-7
What is the value of 6 + -3 - (3 + 2 + -4)?
2
(-2 - (2 - 8)) + (-1 - 8)
-5
What is 4 + (4 - 8) + 2 - 1?
1
Evaluate 3 - ((-4 - -8) + -5 + -1).
5
Calculate -1 - 0 - (4 - 2) - -2.
-1
Calculate -3 + -1 + -3 + 2 + 1.
-4
Calculate 6 + (5 - 8) + (-1 - 1).
1
7 + -9 + (11 - 5)
4
What is the value of 3 - ((-5 - -5) + (-4 - -6))?
1
What is 3 + 0 + (-5 - -4)?
2
Calculate -2 - (3 + -4 + -3).
2
2 - -1 - (0 + -3 - -5)
1
Evaluate 0 - (-8 + 4 - -2) - 2.
0
What is 14 - 2 - (44 + -25)?
-7
What is the value of 3 + (4 - 8) - 0?
-1
What is 3 + -17 + 6 - -3?
-5
(-3 - (1 - 0)) + 6 - 2
0
What is 40 + -37 - (-3 + 0)?
6
What is the value of (-6 - -1 - -6 - 5) + 6?
2
What is the value of 8 - (-1 + 14 + -1)?
-4
-1 + -8 + 7 + 4
2
What is the value of (-3 - -10) + (-4 - 1 - -4)?
6
What is the value of -1 - ((1 - 1) + -5)?
4
What is the value of (5 - 0) + (-1 - -2)?
6
Evaluate 2 + -1 + 1 + 0 - 2.
0
What is (7 - (-10 - -19)) + 4?
2
-3 + (2 - (-2 + -1 + 0))
2
Calculate (6 - (4 - (2 + 4))) + -4.
4
Evaluate 0 - 3 - (-13 + 6).
4
Evaluate 6 + -3 - (26 + -13 - 10).
0
-13 + 22 + -11 + -1 + -1
-4
What is the value of (-4 - 4) + -1 - -4?
-5
What is -11 + 14 - (-7 - -3 - -2)?
5
What is -2 - (-3 - -5 - -1 - 8)?
3
What is the value of 15 + 5 + -17 - (-1 + -2)?
6
What is the value of 4 - (0 + 4 - -8 - 3)?
-5
Evaluate (0 - (8 - 1)) + 4.
-3
Calculate 0 - (-2 + -1) - 5.
-2
Evaluate (-2 - -1) + (60 - 57).
2
What is -4 - (-9 + (-5 - -11))?
-1
Evaluate (4 - (-2 - 1)) + 44 + -47.
4
Calculate 12 + -4 + -12 + 10 - 5.
1
What is the value of (-3 - -3 - 0) + (0 - -1)?
1
(2 + (-6 - -3) - 3) + 3
-1
Calculate (-18 - -16) + (-4 - -8) + -2.
0
Calculate (-19 - -13) + -2 + 6.
-2
-3 - ((-3 - -8) + 4 + -4)
-8
What is -2 + (5 - 1) + 0?
2
What is -2 - -3 - (-4 + 7)?
-2
What is the value of 46 - 58 - (1 - 8)?
-5
What is 3 + -6 - 5 - -3 - -6?
1
Calculate 2 + (-3 + 5 - -3) + -10.
-3
0 + 7 + (46 - 56)
-3
What is 2 + (5 - 14) + (3 - 1)?
-5
Evaluate -1 - 3 - (-9 + 3 - -1).
1
-8 + (3 - (5 - 6))
-4
5 - (-1 + -3 - -8)
1
Evaluate (1 + -2 - (19 + -18)) + 5.
3
-2 + -1 - (-23 - -17 - -7)
-4
Evaluate 3 + -8 - -8 - (1 - -7).
-5
Calculate -2 + (1 - -6) + -3.
2
What is the value of -2 + 4 + -3 - (-16 + 17)?
-2
What is (0 - 0) + -5 + 8?
3
Evaluate 0 - 11 - (0 + -4).
-7
What is 11 - (16 + 2) - (-1 - 2)?
-4
Calculate 7 + -2 + -7 + 4 - -3.
5
What is (-7 - 0) + -41 + 47?
-1
Evaluate 3 + -11 + (3 - -2).
-3
What is (-4 - (9 + -4 - 3)) + 0?
-6
What is the value of -9 + 5 + 1 + 0 + 4?
1
Evaluate -10 + (-9 - -17) - (-2 - 0).
0
What is 4 + (-8 - (-4 - -4) - -2)?
-2
2 + 3 + -7 + 0 + -2
-4
Calculate 1 + -3 + 0 - 1.
-3
Evaluate -1 - 4 - -10 - 4.
1
Calculate -9 + 5 + 3 + 1.
0
2 - 3 - (10 + -11)
0
What is the value of (8 - (-4 - -8)) + 5?
9
What is -2 + 3 + -1 + -3 - 4?
-7
Calculate 4 - (4 - (3 - 5)) - -6.
4
Calculate (-7 - -1) + (19 - 11).
2
Evaluate 14 + (2 - 22) - 4.
-10
What is the value of -3 - ((3 - 2) + (2 - 1))?
-5
What is -5 + 3 + -14 + 23?
7
What is 6 + (7 - 1 - 9) + -11?
-8
Calculate -10 + 3 + 5 + 3 - -1.
2
Evaluate -5 + (0 - -3) + -2.
-4
Calculate -6 + 6 + 2 + -4 + 6.
4
What is 0 - ((-5 - 0) + 3) - 0?
2
Calculate -2 + 4 + 0 + 1.
3
What is -40 - -50 - (2 - 1 - -5)?
4
Calculate (3 + 5 - 2) + -3 + -3.
0
What is 5 - (-13 + 20 + -1 + -3)?
2
What is the value of (0 - -6) + -10 + -1?
-5
What is the value of 20 - 22 - (1 - -1)?
-4
Calculate 0 - -8 - (-9 + 10).
7
Evaluate -1 + -1 - (-25 + 26).
-3
Calculate -3 - (5 + -3 + 7 + -10).
-2
(2 - (0 - 3)) + -5
0
Evaluate 1 + 3 - 7 - -2.
-1
Calculate 1 - (2 + 1 + (2 - 5)).
1
Calculate -3 - -2 - (1 + 5 + -3).
-4
-7 - (-22 + 14 + -8 + 1)
8
Evaluate 1 + 1 - (1 + -2 - 2).
5
Evaluate -12 - -7 - (1 + -4).
-2
7 + 6 + -20 + 6
-1
1 - (1 + 0 - 3)
3
What is the value of -20 + 17 + 7 + (0 - 9)?
-5
13 - (-6 + (8 - -6))
5
Calculate -3 - -2 - (3 + -8).
4
Evaluate 0 - (-5 - (1 - 3)).
3
8 - (9 + (-3 - 2))
4
Evaluate 11 - (2 - (3 + -11)).
1
Calculate 0 + -1